ate the highest common factor of 33741 and 978.
489
What is the greatest common factor of 64 and 25052?
4
Calculate the highest common factor of 1971153 and 18.
9
Calculate the highest common divisor of 946 and 87494.
22
What is the greatest common divisor of 180800 and 675?
25
Calculate the highest common divisor of 22730 and 4570.
10
What is the highest common divisor of 24744 and 888?
24
Calculate the highest common divisor of 3012 and 942.
6
Calculate the highest common factor of 4142466 and 18.
18
Calculate the highest common factor of 462823 and 131.
131
Calculate the highest common divisor of 1034 and 10054.
22
Calculate the highest common divisor of 10688 and 2505.
167
What is the greatest common divisor of 6045128 and 3140?
628
What is the highest common divisor of 189 and 322875?
63
Calculate the highest common divisor of 59059 and 6864.
143
What is the highest common factor of 3216834 and 324?
162
What is the greatest common divisor of 13504 and 973976?
1688
Calculate the greatest common divisor of 5925 and 2525.
25
Calculate the highest common divisor of 7379950 and 25.
25
Calculate the greatest common factor of 178139 and 169.
13
What is the highest common divisor of 16 and 11528?
8
Calculate the highest common divisor of 4883 and 3211.
19
What is the highest common factor of 2990 and 17710?
230
Calculate the highest common divisor of 1080 and 11191500.
540
Calculate the highest common divisor of 1049241 and 795.
159
What is the highest common factor of 1258 and 15614?
74
Calculate the highest common divisor of 331710 and 360.
30
What is the greatest common divisor of 20046 and 78?
78
What is the highest common factor of 7310 and 238?
34
Calculate the greatest common factor of 3177 and 364296.
1059
Calculate the highest common factor of 816695 and 715.
55
What is the greatest common factor of 9 and 17682?
3
What is the highest common divisor of 175 and 47925?
25
What is the greatest common divisor of 549 and 2313?
9
What is the highest common divisor of 13604 and 33516?
76
What is the greatest common divisor of 1648808 and 112?
56
Calculate the greatest common divisor of 2530 and 121770.
110
What is the greatest common factor of 2425 and 26093?
97
Calculate the greatest common factor of 6846357 and 679.
679
What is the highest common factor of 24269 and 84?
7
What is the highest common factor of 321755 and 1305?
145
What is the greatest common factor of 125438 and 38?
38
What is the greatest common factor of 84976 and 9776?
752
What is the greatest common divisor of 60 and 3140?
20
Calculate the greatest common divisor of 51138 and 468.
18
Calculate the greatest common factor of 8241 and 79529.
67
Calculate the greatest common divisor of 270 and 315750.
30
Calculate the greatest common divisor of 4579 and 20003.
241
What is the highest common factor of 32 and 58428?
4
What is the highest common divisor of 4 and 8298?
2
What is the greatest common factor of 177 and 42008?
59
What is the greatest common factor of 2672 and 7?
1
Calculate the highest common factor of 1489430 and 940.
470
Calculate the highest common divisor of 4893 and 2938596.
699
Calculate the greatest common divisor of 666271 and 146.
73
What is the greatest common divisor of 96 and 345504?
96
What is the greatest common factor of 1056319 and 33?
11
What is the highest common factor of 393813 and 1269?
423
Calculate the greatest common divisor of 2848 and 12727.
89
What is the highest common divisor of 464697 and 18?
9
What is the greatest common factor of 1272 and 72984?
24
What is the highest common divisor of 136 and 43486?
34
Calculate the highest common factor of 3528 and 49.
49
Calculate the greatest common divisor of 21518 and 3248.
406
What is the highest common divisor of 5 and 10640?
5
What is the greatest common divisor of 14016 and 12696?
24
Calculate the highest common divisor of 900 and 10980.
180
What is the highest common divisor of 263109 and 119?
119
Calculate the highest common divisor of 1750 and 20500.
250
Calculate the highest common factor of 133816 and 4816.
344
Calculate the greatest common factor of 282 and 345215.
47
Calculate the greatest common divisor of 42 and 11748.
6
What is the greatest common divisor of 230746 and 226?
226
What is the greatest common divisor of 172139 and 33?
11
What is the greatest common divisor of 83444 and 184?
92
Calculate the highest common factor of 61 and 419009.
61
What is the highest common factor of 831452 and 436?
436
What is the greatest common divisor of 161350 and 98?
14
What is the highest common divisor of 438 and 1889970?
438
What is the greatest common divisor of 85020 and 1526?
218
Calculate the greatest common divisor of 34 and 690421.
17
Calculate the highest common factor of 33777 and 6672.
417
Calculate the highest common factor of 1017 and 352221.
339
What is the highest common divisor of 3984 and 333992?
664
Calculate the greatest common factor of 558 and 572787.
279
Calculate the highest common divisor of 7884107 and 154.
77
Calculate the greatest common divisor of 25628 and 100724.
596
What is the greatest common factor of 156 and 242476?
52
What is the greatest common factor of 1330 and 60?
10
What is the greatest common divisor of 173467 and 7?
7
What is the highest common factor of 91086 and 306?
102
What is the highest common divisor of 205040 and 233?
233
What is the highest common divisor of 54 and 22653?
27
What is the greatest common factor of 325603 and 19?
19
Calculate the highest common factor of 15 and 1785315.
15
Calculate the greatest common factor of 44903 and 3787.
541
What is the greatest common factor of 18 and 1008225?
9
What is the highest common divisor of 7 and 19628?
7
Calculate the greatest common divisor of 112 and 20624.
16
Calculate the highest common divisor of 3910 and 13570.
230
What is the highest common divisor of 16030 and 150?
10
What is the highest common divisor of 370 and 3945?
5
Calculate the highest common divisor of 630 and 16200.
90
What is the highest common divisor of 58722 and 30?
6
Calculate the highest common factor of 24516 and 32.
4
What is the highest common factor of 112941 and 89?
89
What is the highest common factor of 115093 and 22?
11
Calculate the greatest common divisor of 897221 and 169.
169
Calculate the greatest common factor of 1514955 and 130.
65
Calculate the highest common factor of 318825 and 39.
39
Calculate the greatest common divisor of 253128 and 8.
8
Calculate the greatest common factor of 3696 and 11724.
12
What is the greatest common factor of 669 and 226568?
223
Calculate the highest common divisor of 186758 and 7436.
286
Calculate the highest common factor of 34652 and 26.
2
What is the greatest common divisor of 2168 and 16?
8
Calculate the highest common divisor of 161570 and 428.
214
Calculate the highest common divisor of 44 and 185482.
22
What is the greatest common divisor of 530 and 28514?
106
Calculate the highest common divisor of 39 and 1284.
3
What is the highest common factor of 27700 and 600?
100
Calculate the highest common factor of 29 and 318623.
29
What is the greatest common divisor of 231418 and 2211?
737
What is the greatest common factor of 44 and 2258?
2
What is the greatest common divisor of 253248 and 384?
192
What is the highest common factor of 146 and 3420?
2
Calculate the highest common factor of 8302 and 119.
7
What is the highest common divisor of 766 and 313294?
766
What is the greatest common factor of 100252 and 568?
284
Calculate the highest common divisor of 30 and 22164.
6
Calculate the highest common factor of 286559 and 658.
329
What is the greatest common factor of 56 and 10913?
7
What is the greatest common divisor of 45902 and 6962?
118
Calculate the greatest common factor of 1980688 and 1896.
632
Calculate the highest common factor of 19468 and 425156.
628
What is the greatest common factor of 8808 and 255?
3
What is the highest common factor of 5 and 663120?
5
Calculate the greatest common divisor of 635192 and 24.
8
Calculate the greatest common factor of 26605 and 15640.
85
Calculate the greatest common divisor of 1296257 and 207.
23
What is the highest common factor of 4773 and 5883?
111
Calculate the greatest common divisor of 17114 and 946.
86
Calculate the highe